) = 3*v**3 - 3*v**2 + 6*v - 2. Determine y(4).
166
Let y(d) = -d**3 - 8*d**2 + 7*d - 8. Give y(-6).
-122
Let f(n) = 5*n**3 - 42*n**2 - 36*n - 17. Calculate f(9).
-98
Let t(s) = -3*s**2 - 247*s + 1017. What is t(4)?
-19
Let h(w) = w**3 + 5*w**2 + 1130*w + 6811. Give h(-6).
-5
Let t(r) = 3*r**2 - 121*r - 155. Give t(41).
-73
Let s(i) = -7*i**2 + 706*i + 115. Determine s(101).
14
Let f(i) = -7*i + 184. Give f(26).
2
Let j(t) = -t**2 - 24*t - 56. Give j(-13).
87
Let u(j) = -304*j**2 + 5*j + 6. What is u(-1)?
-303
Let h(d) = 3*d**3 + 8*d**2 - 5*d + 3. Calculate h(-3).
9
Let y(n) = 2876*n + 31644. What is y(-11)?
8
Let i(g) = -184*g**2 + 1069*g + 204. What is i(6)?
-6
Let f(x) = 155*x**2 - 1081*x - 9. Determine f(7).
19
Let t(z) = 96*z + 315. What is t(-3)?
27
Let u(q) = 3*q**2 + 5*q - 16. Give u(8).
216
Let y(s) = 223*s - 12. Calculate y(1).
211
Let f(p) = 14*p + 201. What is f(-4)?
145
Let z(k) = 8*k**3 - 2*k**2 + 5*k - 8. What is z(2)?
58
Let a(w) = 4*w**3 + 23*w**2 - 68*w - 366. Determine a(-6).
6
Let j(g) = -49*g**2 - 158*g - 22. What is j(-3)?
11
Let n(v) = 873*v - 6176. Give n(7).
-65
Let d(l) = -5*l**3 + l**2 - 8. What is d(-3)?
136
Let p(c) = -1147*c + 20615. Determine p(18).
-31
Let n(i) = -i**2 + 41*i - 146. Give n(36).
34
Let l(g) = g**3 + 5*g**2 - 17*g - 13. Give l(-7).
8
Let w(s) = -s**2 + 41*s - 229. Calculate w(34).
9
Let p(u) = 3*u**2 - 71*u + 114. What is p(22)?
4
Let l(q) = 24*q + 1209. What is l(-26)?
585
Let t(o) = 2*o**3 - 121*o**2 + 61*o + 13. Determine t(60).
73
Let t(m) = -19*m + 769. Calculate t(40).
9
Let q(v) = 3*v**2 - 11*v - 108. Determine q(-6).
66
Let p(s) = -13*s + 84. Calculate p(3).
45
Let g(j) = -241*j + 492. Determine g(2).
10
Let x(h) = -487*h - 2886. What is x(-6)?
36
Let j(b) = -b**2 + 224*b + 3827. Determine j(-16).
-13
Let d(l) = -7*l**2 - 60*l + 160. Determine d(-12).
-128
Let t(y) = 118*y + 3907. Determine t(-33).
13
Let s(d) = -5*d + 111. Determine s(18).
21
Let b(p) = p**3 + 10*p**2 + 22*p + 26. Give b(-9).
-91
Let z(u) = 3*u**2 - 454*u - 303. Give z(152).
1
Let p(o) = -7*o**2 - 17*o - 15. Determine p(-1).
-5
Let h(y) = y**2 - 52*y - 173. Calculate h(55).
-8
Let q(k) = -k**3 + 7*k**2 + 13*k + 158. What is q(9)?
113
Let h(z) = -z**2 + 26*z + 747. Determine h(-19).
-108
Let c(s) = 13*s - 431. Calculate c(6).
-353
Let y(a) = -324*a - 44. What is y(-1)?
280
Let w(v) = -v**3 - 170*v**2 + 156*v - 2562. Calculate w(-171).
3
Let a(o) = -4*o**3 - 68*o**2 - 6*o + 114. What is a(-16)?
-814
Let b(a) = -5*a**2 + 27*a + 57. Give b(13).
-437
Let h(d) = 30*d**2 - 46*d + 51. Give h(1).
35
Let l(d) = d**3 + 75*d**2 + 310*d + 1842. What is l(-71)?
-4
Let g(h) = 3*h**2 + 15*h + 19. Give g(-4).
7
Let n(z) = -z**3 + z**2 + 23*z - 23. What is n(6)?
-65
Let k(p) = -204*p**2 + 4483*p - 31. Calculate k(22).
-141
Let w(u) = 4*u**2 + 20*u - 21. Calculate w(2).
35
Let a(c) = 3320*c - 16566. Determine a(5).
34
Let p(x) = 109*x**3 + 2*x**2 - x - 2. Determine p(1).
108
Let o(c) = -4*c**2 + 9*c - 21. Give o(4).
-49
Let c(j) = -7*j**2 - 275*j - 543. Give c(-2).
-21
Let u(l) = l**3 - 41*l**2 - 73*l - 573. Calculate u(43).
-14
Let f(y) = 10*y**2 + 2680*y + 2679. Determine f(-1).
9
Let q(x) = x**2 + 3872*x + 23191. What is q(-6)?
-5
Let r(m) = 32*m**3 + 5*m**2 - 12*m + 12. What is r(2)?
264
Let n(y) = -2*y**2 + 35*y + 1321. Give n(36).
-11
Let g(i) = 11*i**2 - 79*i - 13. Calculate g(7).
-27
Let w(v) = -2*v**3 - 5*v**2 + 177*v + 358. Give w(-2).
0
Let f(z) = -z**2 + 13*z - 89. Determine f(-15).
-509
Let k(v) = -23*v**3 - 90*v**2 - 9*v - 58. What is k(-4)?
10
Let l(w) = -4458*w - 26745. What is l(-6)?
3
Let w(p) = -8085*p - 8103. Give w(-1).
-18
Let h(n) = n**2 - 10*n + 31. What is h(8)?
15
Let z(m) = -m**2 - 22*m + 378. Determine z(-33).
15
Let k(h) = h**3 + 40*h**2 - 126*h - 5. Give k(3).
4
Let d(p) = -p**2 + 8946*p + 3. Give d(0).
3
Let d(t) = -275*t + 1884. What is d(7)?
-41
Let g(b) = -63*b - 751. What is g(-12)?
5
Let m(i) = -101*i - 4933. What is m(-49)?
16
Let t(q) = 18646*q - 74564. Determine t(4).
20
Let r(c) = -c**2 + 81*c + 140. Give r(83).
-26
Let q(v) = 169*v**3 + v**2 + 9*v + 7. Give q(-1).
-170
Let r(t) = -16*t**2 + 278*t - 549. Give r(2).
-57
Let c(x) = 108*x + 1394. Calculate c(-13).
-10
Let g(d) = 3*d + 108. What is g(-7)?
87
Let x(k) = k**3 + 79*k**2 + 147*k - 580. Give x(-77).
-41
Let a(b) = 1438*b - 10059. Give a(7).
7
Let u(j) = -j**3 - 7*j**2 + 6*j + 17. What is u(-8)?
33
Let r(i) = -1225*i - 39192. What is r(-32)?
8
Let r(s) = s**3 - 56*s**2 - 63*s + 290. Give r(57).
-52
Let k(f) = -f**2 + 45*f + 307. Calculate k(51).
1
Let t(w) = -55*w - 2864. Give t(-52).
-4
Let f(y) = -y**2 + 37*y - 26. Determine f(33).
106
Let b(t) = -1739*t - 10427. Give b(-6).
7
Let a(v) = 21*v - 223. Give a(8).
-55
Let a(q) = -774*q + 56489. Calculate a(73).
-13
Let s(k) = 2*k**3 - 8*k**2 + 14*k - 35. Calculate s(3).
-11
Let y(c) = 1797*c - 16129. What is y(9)?
44
Let l(z) = -4*z - 342. Determine l(-66).
-78
Let w(o) = -105*o + 5808. Determine w(56).
-72
Let n(g) = -6*g**3 + 51*g**2 + 28*g + 7. What is n(9)?
16
Let a(j) = -3*j**2 - 9*j + 410. Give a(10).
20
Let m(f) = 18*f - 22. Give m(2).
14
Let u(o) = -o**3 + 14*o**2 + 37*o - 10. Give u(15).
320
Let r(m) = -886*m - 40759. What is r(-46)?
-3
Let i(y) = -y**3 + 7*y**2 - 16*y + 136. Give i(7).
24
Let n(t) = -t**3 + 26*t**2 + 37*t - 85. What is n(27)?
185
Let k(q) = -5*q**2 + 277*q - 35. Calculate k(52).
849
Let d(j) = 41*j + 27. Calculate d(-3).
-96
Let o(x) = 5744*x - 40192. What is o(7)?
16
Let q(s) = 48*s + 2907. What is q(-58)?
123
Let w(a) = -3*a**3 + a**2 - 7*a - 88. Calculate w(-6).
638
Let d(z) = -z**3 + 34*z**2 - 121*z + 27. Give d(30).
-3
Let n(k) = 187*k + 2882. Determine n(-15).
77
Let h(m) = 723*m + 1440. What is h(-2)?
-6
Let c(o) = 1231*o - 33232. Give c(27).
5
Let x(m) = 130*m + 1122. Give x(-10).
-178
Let u(w) = 3*w**3 - 18*w**2 + 21*w - 31. Determine u(5).
-1
Let u(y) = 4*y**2 - 232*y + 223. Determine u(57).
-5
Let w(p) = -2623*p**2 + 7871*p - 1. What is w(3)?
5
Let r(k) = -k**3 + 174*k**2 - 452*k + 18571. Determine r(172).
-5
Let r(k) = 343*k - 668. Calculate r(3).
361
Let o(y) = y**3 + 8*y**2 - 35*y - 3. Calculate o(-11).
19
Let q(m) = -32*m + 64. What is q(3)?
-32
Let u(w) = 2*w**3 + 98*w**2 - 204*w + 14. Give u(-51).
14
Let y(h) = h**2 - 38*h + 85. Calculate y(35).
-20
Let u(a) = -a**2 + 55*a - 148. What is u(52)?
8
Let w(b) = -52*b + 326. Give w(6).
14
Let u(f) = 196*f**2 - 53*f - 112. What is u(-2)?
778
Let n(h) = 196*h**3 - 2*h**2 + 2. Give n(1).
196
Let m(l) = -l**2 + 112*l + 1193. Give m(122).
-27
Let m(c) = c**2 - 21*c - 6168. Give m(-68).
-116
Let j(z) = 27*z**2 + 249*z + 737. Calculate j(-3).
233
Let a(f) = f**3 - 38*f**2 + 10*f - 399. Determine a(38).
-19
Let h(t) = 50*t - 1098. Determine h(22).
2
Let b(s) = -s**3 - 8*s**2 - 231*s + 5. Give b(0).
5
Let u(f) = -280*f - 3084. Determine u(-12).
276
Let k(v) = v**3 - 15*v**2 + 254*v - 2310. What is k(11)?
0
Let d(a) = -4*a**2 + 69*a - 109. Give d(16).
-29
Let o(h) = h**2 - 451*h - 911. What is o(-2)?
-5
Let s(z) = 83*z - 1666. Give s(20).
-6
Let w(g) = 6*g - 194. Determine w(33).
4
Let x(v) = -25*v**2 - 695*v + 144. Calculate x(-28).
4
Let z(g) = 165*g - 1314. Give z(8).
6
Let r(j) = -j**3 + 24*j**2 + 60*j - 164. Determine r(26).
44
Let x(y) = -y**3 + 17*y**2 - 71*y + 1. Calculate x(10).
-9
Let i(x) = -35*x**2 - 7. What is i(-2)?
-147
Let l(g) = -g**3 - 38*g**2 - 140*g + 46. Give l(-5).
-79
Let o(r) = 11*r**2 - 156*r + 391. Give o(11).
6
Let y(o) = 98*o + 221. Calculate y(-3).
-73
Let c(n) = -n**3 + 60*n**2 - 8*n + 737. Determine c(60).
257
Let m(z) = -z**3 - 4*z**2 + 5*z - 68. Calculate m(-7).
44
Let l(b) = 69*b + 234. What is l(-5)?
-111
Let t(k) = -424*k - 33. Determine t(0).
-33
Let n(x) = -x**3 - 59*x**2 - 116*x - 98. Give n(-57).
16
Let m(b) = -b**3 - 44*b**2 + 42*b - 190. Determine m(-45).
-55
Let w(p) = 170*p**3 - p**2 + 15*p + 16. Determine w(-1).
-170
Let q(r) = -r**3 + 44*r**2 + 292*r + 379. Give q(50).
-21
Let c(a) = -a**3 + 39*a**2 - 110*a + 78. Calculate c(36).
6
Let a(k) = -6*k**2 - 119*k - 203. What is a(-18)?
-5
Let r(m) = -49*m + 678. Calculate r(14).
-8
Let p(c) = -7*c**2 + 9*c - 65. Determine p(5).
-195
Let v(z) = 4*z - 130. Give v(16).
-66
Let n(w) = -w**3 - 8*w**2 + 2*w + 2. What is n(-8)?
-1